8/28) + 30/14. Suppose s*y - 696 = -5*g, -g - y + 417 = 2*g. Calculate the remainder when g is divided by 36.
30
Suppose 4*s - 9*s - 2*m = 253, -s - 53 = m. Let q = s + 59. Calculate the remainder when 21 is divided by q.
1
Let m = 288 - 284. Suppose -5*c + w + 108 = 0, m*c - 71 - 19 = 2*w. What is the remainder when 59 is divided by c?
17
Suppose 8799 = 15*n + 2214. Let q = n + -305. What is the remainder when q is divided by 35?
29
Suppose 0 = -90*j + 95*j - 315. Suppose -52*t - 110 = -j*t. Calculate the remainder when 29 is divided by t.
9
What is the remainder when 218 is divided by 9 + (-3)/(-2 - 66/48*-2)?
3
Let g(r) = -2*r**3 - 22*r**2 - 115*r - 12. Calculate the remainder when g(-7) is divided by 83.
69
Let o = 128 - 110. Suppose 60 = o*y - 14*y. Calculate the remainder when (2 - y*-7)/(0 + 1) is divided by 22.
19
Let d be (-202)/(-5) + (-217)/155. Suppose 467 = -d*r + 1637. What is the remainder when 111 is divided by r?
21
Let z = 114 + 38. Let i = 172 - z. What is the remainder when (679/21)/(3/(-27)*-3) is divided by i?
17
Let b(t) = t**3 - 5*t**2 - 16*t + 24. What is the remainder when 203 + -7 + 5 - (-3)/(-1) is divided by b(7)?
8
Suppose x - 70803 + 70605 = 0. Calculate the remainder when 14255 is divided by x.
197
Suppose 3*k - 5*u = 247, 311 = 2*k + 2*k - 3*u. What is the remainder when k is divided by 1211/63 - (-2)/(-9)?
17
Let a be ((-2)/3)/((-4)/6). Let s = -43 - a. Let w = s + 48. Calculate the remainder when 47 is divided by w.
3
Suppose -47 = 2*w - 3*f - 128, 4*w - 186 = -2*f. Suppose 18*c - w*c = -7371. Calculate the remainder when c is divided by 93.
87
Let y = 30 - 28. Suppose -3*r + y*z + 12 = -2*r, -2*r = 3*z + 11. Suppose 3*b = 2*o + 48, -o + r*o + 15 = b. What is the remainder when 51 is divided by b?
15
Let n(f) = -10*f + 48. Let j be n(10). Let m = -47 - j. Suppose -5*u - 3*p + 25 = -192, -m*p - 181 = -4*u. What is the remainder when u is divided by 15?
14
Let k = 37 - 20. Let n(x) = x**2 - 10*x - 4. Let o be n(10). Calculate the remainder when k is divided by 2 + -1 - (2 + -3 + o).
5
Suppose -207*p + 315*p + 3551 = 175*p. Let l = 22 - 10. Suppose l + 17 = n. What is the remainder when p is divided by n?
24
Let f = 1547 - -2640. Calculate the remainder when f is divided by 1393.
8
Suppose -3*j + 34 = 10. Suppose j*v - 25 = 3*v. What is the remainder when 2*(107/2 - v) is divided by 9?
7
Suppose 27*l - 4*c = 26*l + 10, -13 = -3*l - 5*c. What is the remainder when ((-90)/(-25))/(l/345) is divided by 16?
15
Let u(f) = f**3 - 44*f**2 - 37*f - 307. What is the remainder when 254 is divided by u(45)?
42
Let l = -19304 + 20271. What is the remainder when l is divided by 99?
76
Suppose 5*m - 3*m = 2*n + 36, m + 82 = -4*n. Let o = -6 - n. What is the remainder when (-1 - -1)*1 - -23 is divided by o?
9
Let u be (18/(-8) + 2)*(1 - -3). Let s(o) = -31*o**3 + 3*o + 4. Let c be s(u). What is the remainder when (c/(-12))/(14/(-63)) is divided by 7?
5
Let o(u) = 20*u**2 - 701*u - 52. Calculate the remainder when o(36) is divided by 12.
8
Let m(z) = z**2 - 22. Let x(o) = 2*o**3 + 10*o**2 + 7*o + 5. Let p be x(-4). What is the remainder when m(p) is divided by 16?
11
Suppose 1010*l - 3077*l = -121953. Suppose 2*d = 6*d - 20, -o = -2*d - 94. What is the remainder when o is divided by l?
45
Let k = -258 - -1540. Calculate the remainder when k is divided by 20.
2
Suppose -1472*s + 1475*s - 139 = u, 96 = 2*s - 4*u. Calculate the remainder when 80 is divided by s.
34
Suppose 39*y + 13 - 1 = 43*y, -2*q = -4*y - 176. What is the remainder when q is divided by 1/1 + (18 - 0)?
18
Suppose 55*w = 45*w. Suppose 5*o - 5 = w, -5*q - o = -2*o - 54. What is the remainder when 229 is divided by q?
9
Let t(r) = -75*r + 5268. What is the remainder when 185 is divided by t(70)?
5
Let u = -1130 + 550. Let z = -545 - u. Calculate the remainder when z is divided by 8.
3
Let k(l) = l**3 + 4*l**2 - 8*l - 4. Let v be k(-5). Let g = 52 - v. What is the remainder when 203 is divided by g?
39
Suppose l + 17 = -3*l - 5*j, -5*j = 5*l + 15. Let c(q) = -8 + 274*q**2 - 273*q**2 + l + 7*q. Calculate the remainder when 46 is divided by c(-9).
10
Suppose 0 = -4*d - 2*c + 106, 3*c - 76 = -3*d + 5. Let v be (d - 18) + (-3 - 1). What is the remainder when (-2)/v - (-873)/6 is divided by 37?
34
Let s(m) = -2*m**2 + 1529*m - 31211. Let v = -8 - -12. Suppose 280 = v*w - 32. Calculate the remainder when w is divided by s(21).
14
Let u(i) = 4*i - 68. Let d(k) = k - 34. Let p(a) = 5*d(a) - 2*u(a). Let l be p(-12). Calculate the remainder when 3/l*1/3*38 is divided by 4.
3
Let n = -210 + 585. Let q = n - 304. Calculate the remainder when q is divided by 16.
7
Suppose 2*k + 101*b - 59 = 96*b, 4*k - 5*b - 193 = 0. Calculate the remainder when 162 is divided by k.
36
Suppose 11430 - 1062 = 54*k - 27*k. What is the remainder when k is divided by 95?
4
What is the remainder when 325 is divided by (21/(882/(-12)))/2 - 226/(-14)?
5
Let w = -97 + 191. Suppose 3*k - 278 = w. Suppose 3*d = 5*f - 4, -3*d + 28 = 3*f - 8. What is the remainder when k is divided by d?
5
Suppose 229*r + 365690 = 294*r. Calculate the remainder when r is divided by 84.
82
Suppose 3*d + 2*k = 25, -10 + 0 = -2*k. Suppose d*u + b + 51 = -10, 0 = 2*b + 2. Let q = -2 - u. Calculate the remainder when q is divided by 2.
0
Suppose -2*l = 3*k - 2*k - 31, -5*l - 2*k = -77. Suppose l + 20 = 5*t. Suppose 0 = -4*c + c + 66. Calculate the remainder when c is divided by t.
1
Let x be (8/(-10))/(22/(-1705)). Suppose 190*k = 188*k + x. Calculate the remainder when k is divided by 12.
7
Suppose 0 = -3*v + 474 - 153. Let j = 4026 + -4001. What is the remainder when v is divided by j?
7
Let l = -517 - -353. Let o = 233 + l. Calculate the remainder when o is divided by 21.
6
Let g = -56 - -61. Suppose -2*b = -2*s + 118, 0 = 2*s + b - g*b - 126. What is the remainder when s is divided by 24 - (-3)/(-1) - 2?
17
Let n be (3 - 1)/((-1)/(-2)*1). Suppose -n*g = 3*i - 3*g + 567, 5*g - 756 = 4*i. Let q = -105 - i. What is the remainder when q is divided by 22?
18
Let r(s) = -126*s + 4558. Suppose -4*z - 257 = -4*k + k, -4 = 2*z. Calculate the remainder when k is divided by r(36).
17
Let c = -4572 - -9616. What is the remainder when c is divided by 153?
148
Let p = -1266 + 1291. Calculate the remainder when 1 + -4 + 4788/63 is divided by p.
23
Let m = 353 + -321. Suppose -m*u + 7825 = -7*u. What is the remainder when u is divided by 45?
43
Let u(d) = 26*d + 775. What is the remainder when u(-14) is divided by 106?
93
What is the remainder when 11777 is divided by (13 - 7)*1/6*10?
7
Let r(g) = -g**2 + 9. Calculate the remainder when 11/(539/12180) + 70/49 is divided by r(0).
7
Let q = -5619 + 10270. Calculate the remainder when q is divided by 99.
97
Let i = 11837 + -10662. What is the remainder when i is divided by 313?
236
Let t(d) = -6*d - 156. Let o be t(-26). Suppose o = -f + 4*f - 2*b - 134, 2*b + 90 = 2*f. What is the remainder when 175 is divided by f?
43
Let j = -87 + 99. Suppose 4*d = -0*d + j. Suppose -11 = -2*t - d*u, 5*t - 5*u - 64 = 2*t. Calculate the remainder when 22 is divided by t.
9
Let x(q) = q**3 + 8*q**2 - 3*q + 7. Let l = -284 + 276. What is the remainder when 58 is divided by x(l)?
27
Suppose -2*j = -0*j - 318. Let p(w) = 5*w**3 - 6*w**2 + 900*w - 1793. Calculate the remainder when j is divided by p(2).
21
Let h(n) = 3*n**3 + 14*n**2 - 3*n - 8. Let x be h(-4). Suppose x*u = 31*u + 210. What is the remainder when u is divided by 13?
3
Suppose -h = -5*g + 7, 3*h - h + g - 41 = 0. Calculate the remainder when (-44)/5*50/(-20) is divided by h.
4
Suppose 0 = -7*c - c - 1304. Let s = -58 - c. Suppose -5*g + 3*g - s = -3*z, 0 = -2*z + 3*g + 70. Calculate the remainder when z is divided by 13.
9
Suppose 12*f - 973 - 3076 = 1867. What is the remainder when f is divided by 5?
3
Let n(a) = 2*a - 13. Let m(j) = -4*j + 24. Let i(w) = 2*m(w) + 5*n(w). Suppose -6 = -3*z, -3*l + 20 = -z - 4*z. What is the remainder when 3 is divided by i(l)?
0
Let z be -17 + 20 + (0 - 1). Suppose 126 = 2*y - k - 178, -y + 152 = z*k. Suppose 21*a - y = 17*a. Calculate the remainder when a is divided by 7.
3
Suppose -2*u = 5*g - 172, u - 9 = g + 63. Let o = 169 - u. Calculate the remainder when o is divided by 55.
38
Let k = 327 - -58. Let c =